37, 113
List the prime factors of 9658.
2, 11, 439
List the prime factors of 11160142.
2, 7, 263, 433
List the prime factors of 216240.
2, 3, 5, 17, 53
What are the prime factors of 293067?
3, 32563
What are the prime factors of 1038320?
2, 5, 12979
What are the prime factors of 1769120?
2, 5, 11057
List the prime factors of 4683314.
2, 1483, 1579
What are the prime factors of 7760058?
2, 3, 17, 76079
What are the prime factors of 18220587?
3, 7, 11, 78877
List the prime factors of 24974.
2, 12487
List the prime factors of 1011020.
2, 5, 50551
What are the prime factors of 3147681?
3, 1049227
List the prime factors of 1938086.
2, 197, 4919
What are the prime factors of 12727214?
2, 6363607
List the prime factors of 5786153.
139, 41627
What are the prime factors of 6374800?
2, 5, 15937
List the prime factors of 5102800.
2, 5, 12757
What are the prime factors of 580616?
2, 72577
List the prime factors of 132791.
19, 29, 241
What are the prime factors of 271990?
2, 5, 59, 461
What are the prime factors of 262425?
3, 5, 3499
What are the prime factors of 45646?
2, 29, 787
List the prime factors of 41469.
3, 23, 601
What are the prime factors of 4043943?
3, 17, 26431
List the prime factors of 3247498.
2, 31, 52379
What are the prime factors of 134331?
3, 44777
What are the prime factors of 287801?
287801
List the prime factors of 120377.
17, 73, 97
List the prime factors of 2348963.
31, 75773
What are the prime factors of 51718?
2, 19, 1361
What are the prime factors of 9427?
11, 857
What are the prime factors of 7495528?
2, 936941
What are the prime factors of 360020?
2, 5, 47, 383
What are the prime factors of 1457892?
2, 3, 13499
What are the prime factors of 83965?
5, 7, 2399
What are the prime factors of 5420130?
2, 3, 5, 19, 37, 257
List the prime factors of 19610076.
2, 3, 23, 227, 313
What are the prime factors of 3441647?
11, 59, 5303
List the prime factors of 54531.
3, 73, 83
What are the prime factors of 84?
2, 3, 7
What are the prime factors of 1210840?
2, 5, 30271
List the prime factors of 548197.
13, 42169
What are the prime factors of 6632421?
3, 727, 3041
List the prime factors of 616937.
587, 1051
What are the prime factors of 15806847?
3, 7, 752707
List the prime factors of 774400.
2, 5, 11
List the prime factors of 39700.
2, 5, 397
What are the prime factors of 11845214?
2, 71, 83417
What are the prime factors of 34665865?
5, 13, 533321
List the prime factors of 461761.
409, 1129
What are the prime factors of 360157?
7, 23, 2237
What are the prime factors of 190936?
2, 29, 823
What are the prime factors of 6405525?
3, 5, 7, 83
What are the prime factors of 24816825?
3, 5, 11, 37, 271
List the prime factors of 3224861.
3224861
What are the prime factors of 21296527?
7, 29, 2141
List the prime factors of 194807.
19, 10253
List the prime factors of 2972506.
2, 37, 40169
What are the prime factors of 11866593?
3, 83, 47657
List the prime factors of 476998.
2, 238499
List the prime factors of 5862821.
5862821
List the prime factors of 3196354.
2, 7, 228311
What are the prime factors of 242344?
2, 30293
What are the prime factors of 1418909?
137, 10357
What are the prime factors of 7928400?
2, 3, 5, 6607
What are the prime factors of 1808856?
2, 3, 7, 37, 97
What are the prime factors of 39890930?
2, 5, 3989093
What are the prime factors of 142761?
3, 23, 2069
What are the prime factors of 3224425?
5, 101, 1277
List the prime factors of 131315.
5, 26263
List the prime factors of 170918.
2, 11, 17, 457
What are the prime factors of 4813911?
3, 103, 577
What are the prime factors of 1183240?
2, 5, 29581
What are the prime factors of 486276?
2, 3, 7, 827
List the prime factors of 6293740.
2, 5, 17, 107, 173
List the prime factors of 2002427.
7, 286061
What are the prime factors of 7787819?
13, 17, 131, 269
What are the prime factors of 9399570?
2, 3, 5, 137, 2287
What are the prime factors of 101736?
2, 3, 157
List the prime factors of 9847215.
3, 5, 7, 43, 727
What are the prime factors of 4376489?
13, 336653
What are the prime factors of 1839918?
2, 3, 306653
What are the prime factors of 1071403?
839, 1277
List the prime factors of 1146898.
2, 109, 5261
What are the prime factors of 225125?
5, 1801
What are the prime factors of 161009?
161009
List the prime factors of 317282.
2, 7, 131, 173
What are the prime factors of 12289166?
2, 6144583
What are the prime factors of 126448?
2, 7, 1129
List the prime factors of 197770.
2, 5, 19777
List the prime factors of 1156924.
2, 223, 1297
List the prime factors of 1205048.
2, 13, 11587
What are the prime factors of 112497?
3, 7, 11, 487
List the prime factors of 119477.
157, 761
List the prime factors of 22181.
41, 541
What are the prime factors of 43876?
2, 7, 1567
What are the prime factors of 73664?
2, 1151
What are the prime factors of 572611?
13, 17, 2591
List the prime factors of 9376142.
2, 4688071
List the prime factors of 156469.
23, 6803
List the prime factors of 2554186.
2, 1277093
What are the prime factors of 1073883?
3, 311, 1151
What are the prime factors of 4821162?
2, 3, 787, 1021
What are the prime factors of 497491?
497491
List the prime factors of 153996.
2, 3, 41, 313
List the prime factors of 297580.
2, 5, 14879
List the prime factors of 43046.
2, 21523
List the prime factors of 10137316.
2, 7, 51721
List the prime factors of 586081.
157, 3733
List the prime factors of 129960.
2, 3, 5, 19
List the prime factors of 9837174.
2, 3, 19, 86291
What are the prime factors of 1236213?
3, 11, 12487
What are the prime factors of 4470329?
4470329
What are the prime factors of 651869?
651869
List the prime factors of 3579243.
3, 1193081
What are the prime factors of 7141725?
3, 5, 31741
What are the prime factors of 6758851?
11, 19, 73, 443
List the prime factors of 258958.
2, 7, 53, 349
List the prime factors of 22896667.
2591, 8837
What are the prime factors of 6396460?
2, 5, 7, 61, 107
List the prime factors of 162587.
23, 7069
List the prime factors of 48178.
2, 13, 17, 109
List the prime factors of 5313963.
3, 163, 10867
List the prime factors of 41260.
2, 5, 2063
What are the prime factors of 776082?
2, 3, 129347
List the prime factors of 4728880.
2, 5, 13, 4547
What are the prime factors of 1207391?
17, 71023
What are the prime factors of 4351128?
2, 3, 181297
What are the prime factors of 335745?
3, 5, 829
What are the prime factors of 193787?
11, 79, 223
List the prime factors of 5022340.
2, 5, 251117
List the prime factors of 269841.
3, 11, 13, 17, 37
List the prime factors of 673685.
5, 67, 2011
List the prime factors of 16593215.
5, 31, 107053
List the prime factors of 149821.
7, 17, 1259
What are the prime factors of 11295251?
11, 251, 4091
List the prime factors of 3331831.
3331831
What are the prime factors of 71560?
2, 5, 1789
List the prime factors of 128317.
7, 23, 797
What are the prime factors of 230156?
2, 163, 353
List the prime factors of 304654.
2, 7, 47, 463
What are the prime factors of 1796609?
37, 59, 823
List the prime factors of 332738.
2, 7, 23767
What are the prime factors of 3797817?
3, 17, 113, 659
List the prime factors of 845821.
239, 3539
List the prime factors of 927171.
3, 7, 14717
List the prime factors of 30623082.
2, 3, 7, 53, 13757
List the prime factors of 5390531.
5390531
List the prime factors of 325290.
2, 3, 5, 7, 1549
What are the prime factors of 309750?
2, 3, 5, 7, 59
List the prime factors of 145160.
2, 5, 19, 191
List the prime factors of 25800642.
2, 3, 7, 97, 2111
What are the prime factors of 3833181?
3, 11, 31, 1249
What are the prime factors of 3012740?
2, 5, 17, 8861
List the prime factors of 506628.
2, 3, 4691
What are the prime factors of 208403?
13, 17, 23, 41
List the prime factors of 2056430.
2, 5, 23, 8941
What are the prime factors of 306021?
3, 83, 1229
List the prime factors of 905701.
905701
List the prime factors of 271219.
13, 31, 673
What are the prime factors of 1537929?
3, 170881
List the prime factors of 2919098.
2, 7, 13, 43, 373
List the prime factors of 2485198.
2, 59, 21061
List the prime factors of 4965602.
2, 2482801
What are the prime factors of 10374517?
41, 79, 3203
List the prime factors of 315151.
83, 3797
List the prime factors of 512139.
3, 53, 3221
List the prime factors of 3757166.
2, 7, 16